2?
88
Calculate the highest common factor of 9180 and 72.
36
What is the greatest common factor of 429 and 312?
39
What is the greatest common divisor of 121 and 913?
11
Calculate the highest common factor of 45 and 243.
9
What is the highest common divisor of 35 and 3115?
35
What is the greatest common factor of 341 and 62?
31
Calculate the greatest common divisor of 182 and 56147.
91
Calculate the greatest common divisor of 36 and 948.
12
What is the greatest common divisor of 90 and 36?
18
What is the highest common factor of 944 and 1003?
59
What is the highest common factor of 216 and 3672?
216
Calculate the highest common divisor of 15 and 12570.
15
What is the greatest common divisor of 119 and 425?
17
What is the greatest common divisor of 1220 and 20?
20
What is the highest common divisor of 26 and 598?
26
What is the greatest common factor of 37 and 3?
1
What is the greatest common factor of 3055 and 470?
235
What is the greatest common divisor of 58 and 1073?
29
What is the highest common factor of 612 and 1258?
34
What is the greatest common factor of 332 and 36?
4
Calculate the greatest common factor of 165 and 561.
33
What is the highest common divisor of 1246 and 56?
14
What is the greatest common factor of 229 and 1?
1
What is the highest common divisor of 12 and 372?
12
Calculate the highest common divisor of 133 and 475.
19
What is the greatest common divisor of 82 and 248?
2
Calculate the greatest common factor of 2 and 86.
2
What is the highest common divisor of 12 and 492?
12
Calculate the greatest common divisor of 20 and 180.
20
Calculate the highest common factor of 78 and 195.
39
Calculate the greatest common factor of 28 and 2284.
4
Calculate the highest common divisor of 91 and 26.
13
What is the greatest common divisor of 87 and 232?
29
Calculate the highest common divisor of 234 and 11142.
18
What is the greatest common divisor of 12 and 3?
3
Calculate the greatest common factor of 95 and 323.
19
Calculate the greatest common divisor of 522 and 9.
9
What is the highest common factor of 225 and 75?
75
What is the greatest common divisor of 1507 and 11?
11
Calculate the highest common factor of 44 and 2684.
44
Calculate the highest common divisor of 20079 and 207.
207
Calculate the highest common divisor of 1 and 61.
1
Calculate the greatest common factor of 511 and 7.
7
What is the greatest common divisor of 57 and 152?
19
What is the highest common factor of 225 and 3060?
45
What is the greatest common factor of 38 and 4?
2
What is the highest common divisor of 190 and 589?
19
What is the greatest common divisor of 160 and 40?
40
Calculate the greatest common factor of 527 and 6107.
31
Calculate the greatest common divisor of 49 and 1.
1
Calculate the highest common divisor of 413 and 7.
7
What is the greatest common factor of 17161 and 655?
131
Calculate the greatest common factor of 25 and 625.
25
Calculate the greatest common factor of 547 and 5.
1
What is the greatest common factor of 14001 and 13?
13
What is the highest common factor of 1232 and 1936?
176
Calculate the highest common divisor of 132 and 3036.
132
What is the greatest common divisor of 66 and 138?
6
Calculate the greatest common factor of 1501 and 19.
19
Calculate the highest common divisor of 649 and 295.
59
Calculate the highest common factor of 342 and 72.
18
What is the highest common divisor of 6431 and 218?
109
Calculate the greatest common divisor of 48 and 84432.
48
What is the greatest common divisor of 100 and 4?
4
Calculate the greatest common factor of 68 and 850.
34
Calculate the greatest common divisor of 396 and 22.
22
What is the greatest common factor of 1343 and 158?
79
Calculate the greatest common divisor of 20 and 688.
4
What is the greatest common factor of 3520 and 1200?
80
What is the highest common divisor of 31 and 961?
31
What is the greatest common factor of 5 and 1215?
5
What is the greatest common divisor of 630 and 45?
45
What is the highest common divisor of 14375 and 500?
125
What is the greatest common factor of 8675 and 25?
25
Calculate the greatest common divisor of 344 and 215.
43
Calculate the greatest common factor of 2059 and 145.
29
Calculate the highest common divisor of 268 and 3350.
134
What is the highest common divisor of 10 and 3275?
5
Calculate the highest common divisor of 658 and 42.
14
Calculate the highest common divisor of 1443 and 39.
39
Calculate the highest common factor of 111 and 37.
37
Calculate the greatest common divisor of 8700 and 15.
15
Calculate the highest common divisor of 14 and 13342.
14
What is the greatest common factor of 290 and 5?
5
Calculate the greatest common divisor of 330 and 15.
15
Calculate the greatest common divisor of 540 and 4940.
20
What is the greatest common divisor of 154 and 44?
22
Calculate the greatest common divisor of 207 and 276.
69
What is the greatest common factor of 616 and 112?
56
What is the highest common factor of 244 and 8174?
122
What is the highest common divisor of 9 and 11547?
9
What is the greatest common divisor of 756 and 336?
84
What is the greatest common factor of 2409 and 55?
11
What is the highest common divisor of 39 and 143?
13
Calculate the greatest common factor of 144 and 112.
16
Calculate the greatest common factor of 4582 and 58.
58
Calculate the highest common factor of 6910 and 20.
10
Calculate the greatest common divisor of 289 and 272.
17
What is the greatest common factor of 340 and 70?
10
What is the highest common factor of 60 and 20?
20
Calculate the greatest common divisor of 224 and 512.
32
What is the greatest common factor of 3068 and 572?
52
What is the highest common factor of 92 and 690?
46
What is the greatest common divisor of 4 and 22?
2
Calculate the highest common divisor of 11476 and 76.
76
What is the greatest common divisor of 33 and 16071?
33
Calculate the highest common divisor of 180 and 160.
20
Calculate the greatest common factor of 198 and 3069.
99
Calculate the greatest common divisor of 451 and 3403.
41
What is the highest common divisor of 3060 and 900?
180
What is the greatest common factor of 63 and 56?
7
What is the highest common factor of 5775 and 11?
11
What is the greatest common factor of 7244 and 4?
4
What is the greatest common factor of 2 and 242?
2
Calculate the highest common factor of 6232 and 171.
19
Calculate the greatest common factor of 106 and 477.
53
What is the greatest common divisor of 300 and 84?
12
What is the greatest common divisor of 285 and 133?
19
Calculate the highest common factor of 34 and 1462.
34
What is the greatest common divisor of 612 and 252?
36
Calculate the highest common factor of 242 and 88.
22
Calculate the highest common divisor of 3444 and 1512.
84
What is the highest common factor of 120 and 16?
8
What is the greatest common divisor of 21 and 1050?
21
What is the greatest common factor of 76 and 1292?
76
What is the highest common factor of 736 and 16744?
184
What is the greatest common factor of 17 and 272?
17
Calculate the greatest common divisor of 693 and 21.
21
What is the greatest common divisor of 41 and 1517?
41
Calculate the greatest common factor of 798 and 684.
114
Calculate the greatest common factor of 14693 and 14.
7
What is the greatest common divisor of 589 and 304?
19
Calculate the greatest common divisor of 2187 and 27.
27
What is the greatest common factor of 4450 and 1424?
178
What is the greatest common factor of 65 and 91?
13
Calculate the highest common factor of 2771 and 85.
17
What is the greatest common divisor of 16 and 848?
16
What is the greatest common factor of 3186 and 108?
54
What is the greatest common divisor of 225 and 2325?
75
What is the greatest common factor of 64 and 92?
4
Calculate the highest common factor of 544 and 144.
16
What is the greatest common factor of 441 and 27?
9
What is the highest common divisor of 78 and 5798?
26
Calculate the highest common divisor of 13 and 4121.
13
What is the greatest common divisor of 15 and 65?
5
What is the highest common divisor of 203 and 116?
29
Calculate the highest common divisor of 6 and 816.
6
Calculate the highest common factor of 288 and 1272.
24
What is the highest common factor of 3 and 1?
1
Calculate the greatest common divisor of 280 and 105.
35
W